235
Let b(s) = 4 + s**3 + 2*s**2 + 0 - 3 - 3*s**3. What is the remainder when b(-2) is divided by -27*(-3)/(-45)*-5?
7
Let t = 296 + -200. Suppose -7*m + 4*m = -t. Calculate the remainder when 60 is divided by m.
28
Suppose -84*j + 2482 = -50*j. Calculate the remainder when 772 is divided by j.
42
Suppose -5*w - h + 602 = 0, w + 7*h - 122 = 6*h. Let m = w - 95. What is the remainder when 74 is divided by m?
24
Suppose -26*n - 41*n + 16*n = -969. Calculate the remainder when 1830 is divided by n.
6
Suppose 0 = o - 4*a - 0 + 1, -a = -2*o + 5. Suppose -4*v = 4*t - 564, 4*v - 3*v - 4*t = 151. Calculate the remainder when v is divided by 34 + o + 6 + 1*-6.
32
Suppose -o + 3*y + 49 = 0, -51*y - 203 = -5*o - 50*y. What is the remainder when 406 is divided by o?
6
Suppose -7*o = -9*o + 6. Suppose 4*c = o*k - 32 - 21, -3*c - 70 = -5*k. Let s = -8 + 25. Calculate the remainder when s is divided by k.
6
Let k(f) = -f**3 + 31*f**2 - 59*f + 70. What is the remainder when 11930 is divided by k(29)?
40
Let c(m) = -6*m - 3 - 2*m + 3*m + m. Calculate the remainder when 229 is divided by c(-9).
31
Suppose 3*r = -v + 14, -155*v = -156*v + 4*r + 7. Calculate the remainder when 6058 is divided by v.
8
Let b(r) = -8*r - 679. Let t(a) = 3*a + 226. Let c(h) = 4*b(h) + 11*t(h). Let v be c(0). Let p = -142 - v. What is the remainder when p is divided by 15?
13
Suppose 6 = 18*i - 17*i, -4*w = i - 462. Calculate the remainder when 688 is divided by w.
4
Let g(v) = 1351*v - 2679. Calculate the remainder when 1804 is divided by g(2).
10
Let c(u) = -33*u - 7. Let j = -94 - -93. Let b = 19 - 5. Calculate the remainder when c(j) is divided by b.
12
Let v(n) = -6*n - 1. Let o = 364 + -359. Suppose 3*z + 508 = o*q, 4*q + z = 120 + 300. What is the remainder when q is divided by v(-6)?
34
Let s = -355 + 358. What is the remainder when s*((-1371)/(-18) - 2/(-4)) is divided by 47?
42
Let w = -3022 - -4383. What is the remainder when w is divided by 44?
41
Let u = -2366 + 2392. Calculate the remainder when 1142 is divided by u.
24
What is the remainder when 148 is divided by ((-2)/(-6))/((-275)/(-23100))?
8
Suppose -3837 = -37*g + 4192. Calculate the remainder when 224 is divided by g.
7
Let u be (-85)/(-5) + (-4 - (4 - 8)). Suppose 14*q - u*q = -2*d - 16, 4*d = -5*q + 56. What is the remainder when 51 is divided by q?
3
Let b(m) = -32*m**2 + 8*m + 7. Let u be b(-1). What is the remainder when 383 is divided by 7/((-3)/(-45)*u/(-11))?
33
Suppose 2*n + 5*q + 42 = 920, -437 = -n - 3*q. Calculate the remainder when n is divided by 18.
17
Let j be (-32 + 13 - -1)/(2/4). Let v(n) = n**2 + 36*n + 15. What is the remainder when 146 is divided by v(j)?
11
Suppose -2*d - d + 12 = 0. Suppose 2 = -2*j - d*q, j - 2*q - 4 = 7. Let f = -248 + 273. Calculate the remainder when f is divided by j.
0
Let a be (-4)/16 + (-15)/4 - -1. Let b(g) = -g**3 + 3*g - 5. Let y be b(a). Suppose 96 = -5*v + y*v. Calculate the remainder when v is divided by 4.
0
Let h(k) = -k**2 + 11*k + 1. Let w be h(11). Suppose 2*j - w = -9, -r + 5*j = -23. Calculate the remainder when (-62)/(-5) + 2/(-5) is divided by r.
0
Let p(a) = -a + 16. Suppose 4*d - f - 41 = 0, 0 = -2*f - 0*f - 2. Suppose -d*u = -11*u + 45. What is the remainder when u is divided by p(0)?
13
Suppose 2*w - 307 = -285. Suppose -d - 5*z + w = -5, 5*d + 3*z - 146 = 0. What is the remainder when 76 is divided by d?
14
Let p(y) = 2*y**3 + 35*y**2 + 7*y - 41. What is the remainder when p(-17) is divided by 84?
45
Let h be -7 + 9 + 3 + 422. Let f = 784 - h. What is the remainder when f is divided by 36?
33
Let t(c) = -c**3 + 8*c**2 + 7. Suppose 5*o - 151 = -4*g, -o + 14 = -2*g + 93. Calculate the remainder when g is divided by t(8).
4
Let v = -5192 - -5304. Calculate the remainder when v is divided by 80.
32
Let m be ((-2)/5)/(1 - 44/45). Calculate the remainder when -1 - (-11)/9 - 572/m is divided by 17.
15
Calculate the remainder when 797 is divided by 18/(-6) + (-29)/87 + (-784)/(-3).
23
Let a = 5 - 0. Let y be (0 - (2 - 2))/1. Suppose 5*j + y*j - 4*l - 105 = 0, j - 5*l - 42 = 0. What is the remainder when j is divided by a?
2
Suppose 64*r - 1523 = 2375 - 1018. Calculate the remainder when r is divided by 28.
17
Calculate the remainder when ((-11)/((-176)/72) + -4)*19430/5 is divided by 13.
6
Let n be -3*((-6)/9 - (0 - -95)). Let b = n + -160. Calculate the remainder when b is divided by 10.
7
Let p(k) = -k + 13. Suppose -10 = 5*v - 4*y, -v = 2*v + y + 6. What is the remainder when 48 is divided by p(v)?
3
Suppose 5*m + 4 = 4*m. Let j(g) = g**3 + 6*g**2 + 5*g + 7. Let v(n) = -9*n. What is the remainder when v(-6) is divided by j(m)?
16
Let m(g) = g**3 - 9*g**2 - 17*g + 14. Let n(b) = 5 + 6*b**2 + 4*b**2 + 4 - 2*b - 6. Let q be n(1). What is the remainder when m(q) is divided by 10?
9
Let u(s) = -s**3 - 5*s**2 + 25*s + 50. Let x be u(-8). Suppose x*h = 48*h - 126. Calculate the remainder when 32 is divided by h.
11
Suppose 53*w - 49*w - 8 = 0. Suppose 2*p + w*p = 424. Suppose 2*s = -4*n + p, -4*n + 20 = -8*n. What is the remainder when s is divided by 13?
11
Suppose 4578*j = 4584*j - 36. What is the remainder when 62 is divided by j?
2
Suppose 0 = -s - 4 + 7. Suppose -5*k = -k - 3*p - 19, 3*k - 9 = -s*p. What is the remainder when -5 - -2 - -1*9 is divided by k?
2
Suppose -1093 + 3865 = 12*y. Let p = -197 + y. Calculate the remainder when 110 is divided by p.
8
Let v = -327 + 186. What is the remainder when 53 is divided by (-63)/2*94/v?
11
Let p = 56 - 27. Suppose -4*g - p*f + 33*f + 40 = 0, 4*g - 28 = -2*f. Calculate the remainder when -1*2 + (-136)/(-4) is divided by g.
0
Suppose 30*n - 852 = -34*n - 7*n. What is the remainder when n is divided by 12?
0
Let g(k) = -5*k + 5. Let u(m) = m**3 + 25*m**2 + 2*m - 58. Let s be u(-22). Let h = s - 1340. Calculate the remainder when g(-5) is divided by h.
0
What is the remainder when 2370 is divided by (352/231)/(-16) - (-1 - 1180/42)?
21
Let h(z) = -12*z + 43. Suppose 0 = -m - 8*m + 54. Let p be h(m). Let x = 48 + p. Calculate the remainder when 54 is divided by x.
16
Suppose 37*n = -63 + 322. Suppose 7*a + n*a - 84 = 0. Calculate the remainder when 129 is divided by a.
3
Let a(s) = 646*s + 4540. What is the remainder when 1672 is divided by a(-7)?
16
Let z be (-18)/(-45)*-5 - -70. Let c = z - 49. Calculate the remainder when c is divided by (-9)/3*(-10)/6.
4
Let x = 5 - -1. Calculate the remainder when ((-69)/(-4))/(x/16) is divided by 12.
10
Suppose -5*o + o = -3*p - 278, 3*o - 2*p - 209 = 0. What is the remainder when 134 is divided by o?
63
Suppose -x - 8 + 16 = 5*u, 0 = 5*x - 3*u - 124. What is the remainder when 724 is divided by x?
11
Suppose 5*s = -5*v + 2*v + 570, 5*s - 565 = -4*v. Suppose -12*w + 40 = -7*w. Suppose 4*p = w*p - 96. Calculate the remainder when s is divided by p.
21
Calculate the remainder when 2854 is divided by (-1)/(-7)*(140 - ((-44)/11 + 11)).
4
Suppose -3*n + 60 = 3*d - 6, 4*d + 2*n = 94. Suppose 5*z = 2*b - 3*b + 32, b = -z + 4. What is the remainder when d is divided by z?
4
What is the remainder when (268277/(-136))/43*-24 is divided by 221?
217
Let u(f) = 47*f**2 + 3*f - 2. What is the remainder when u(-2) is divided by 84?
12
Suppose -246*k + 247*k = 4. Calculate the remainder when 78/12*(34 - -4) is divided by k.
3
Let l = 745 + -708. What is the remainder when 3/15 + 2187/15 is divided by l?
35
Let j(i) = 3*i - 8. Let x be j(5). Suppose 0*q = 9*q - x*q. Let v(h) = h + 13. What is the remainder when 76 is divided by v(q)?
11
Suppose 3*a + 3*o - 5871 = 0, -4 = -8*o + 4*o. Calculate the remainder when 3922 is divided by a.
10
Suppose 34*d - 47*d = -299. Let x = -182 + 308. Suppose 9*m - x = 6*m. Calculate the remainder when m is divided by d.
19
Calculate the remainder when (-110)/(-363)*11*1599 is divided by 4.
2
Suppose 49504 - 8472 = -397*y + 1138*y - 28622. Let k = 12 - 2. Calculate the remainder when y is divided by k.
4
Suppose -24*a = -23*a - s - 1013, 0 = a + 3*s - 1017. Calculate the remainder when a is divided by 93.
84
Suppose -3*a - 24*w + 242 = -23*w, 0 = -a + 4*w + 98. Calculate the remainder when 162 is divided by a.
80
What is the remainder when 704 is divided by (2/14 + 4362/42 - 3)*1?
98
Let f = 6892 + -6687. Let g = 28 - 13. Calculate the remainder when f 